?
14
Calculate the remainder when 1271 is divided by 167.
102
What is the remainder when 537 is divided by 11?
9
What is the remainder when 995 is divided by 83?
82
What is the remainder when 358 is divided by 325?
33
What is the remainder when 7884 is divided by 95?
94
What is the remainder when 77 is divided by 63?
14
Calculate the remainder when 842 is divided by 149.
97
What is the remainder when 102 is divided by 10?
2
What is the remainder when 88 is divided by 31?
26
What is the remainder when 7223 is divided by 56?
55
What is the remainder when 2549 is divided by 29?
26
Calculate the remainder when 73 is divided by 13.
8
Calculate the remainder when 428 is divided by 218.
210
What is the remainder when 134 is divided by 74?
60
What is the remainder when 28 is divided by 11?
6
What is the remainder when 104 is divided by 16?
8
Calculate the remainder when 815 is divided by 51.
50
What is the remainder when 1794 is divided by 128?
2
Calculate the remainder when 1882 is divided by 65.
62
Calculate the remainder when 139 is divided by 23.
1
What is the remainder when 733 is divided by 288?
157
Calculate the remainder when 71 is divided by 52.
19
Calculate the remainder when 230 is divided by 74.
8
Calculate the remainder when 168 is divided by 25.
18
Calculate the remainder when 271 is divided by 54.
1
What is the remainder when 11 is divided by 5?
1
What is the remainder when 113 is divided by 15?
8
What is the remainder when 1930 is divided by 102?
94
What is the remainder when 4672 is divided by 5?
2
What is the remainder when 16 is divided by 10?
6
Calculate the remainder when 210 is divided by 53.
51
What is the remainder when 5559 is divided by 21?
15
Calculate the remainder when 5306 is divided by 2.
0
Calculate the remainder when 196 is divided by 29.
22
What is the remainder when 4782 is divided by 46?
44
Calculate the remainder when 407 is divided by 131.
14
Calculate the remainder when 949 is divided by 213.
97
Calculate the remainder when 393 is divided by 94.
17
What is the remainder when 150 is divided by 19?
17
What is the remainder when 1180 is divided by 160?
60
Calculate the remainder when 122 is divided by 60.
2
What is the remainder when 142 is divided by 11?
10
Calculate the remainder when 3711 is divided by 79.
77
What is the remainder when 2174 is divided by 96?
62
Calculate the remainder when 389 is divided by 3.
2
What is the remainder when 1677 is divided by 70?
67
What is the remainder when 98 is divided by 17?
13
Calculate the remainder when 344 is divided by 15.
14
What is the remainder when 12029 is divided by 53?
51
What is the remainder when 645 is divided by 6?
3
What is the remainder when 184 is divided by 38?
32
Calculate the remainder when 175 is divided by 24.
7
What is the remainder when 214 is divided by 99?
16
What is the remainder when 48 is divided by 34?
14
What is the remainder when 1274 is divided by 71?
67
Calculate the remainder when 1760 is divided by 103.
9
Calculate the remainder when 2019 is divided by 57.
24
Calculate the remainder when 740 is divided by 39.
38
Calculate the remainder when 196 is divided by 40.
36
What is the remainder when 189 is divided by 44?
13
Calculate the remainder when 140 is divided by 99.
41
Calculate the remainder when 113 is divided by 25.
13
Calculate the remainder when 1621 is divided by 19.
6
Calculate the remainder when 370 is divided by 15.
10
Calculate the remainder when 3098 is divided by 25.
23
What is the remainder when 489 is divided by 128?
105
What is the remainder when 34 is divided by 2?
0
Calculate the remainder when 247 is divided by 247.
0
What is the remainder when 215 is divided by 9?
8
What is the remainder when 124 is divided by 7?
5
What is the remainder when 636 is divided by 207?
15
Calculate the remainder when 508 is divided by 103.
96
Calculate the remainder when 3959 is divided by 9.
8
Calculate the remainder when 1214 is divided by 4.
2
Calculate the remainder when 193 is divided by 85.
23
What is the remainder when 259 is divided by 55?
39
What is the remainder when 3222 is divided by 13?
11
What is the remainder when 131 is divided by 50?
31
Calculate the remainder when 11523 is divided by 102.
99
What is the remainder when 255 is divided by 72?
39
What is the remainder when 497 is divided by 60?
17
Calculate the remainder when 552 is divided by 79.
78
What is the remainder when 203 is divided by 100?
3
What is the remainder when 8349 is divided by 1668?
9
Calculate the remainder when 442 is divided by 37.
35
Calculate the remainder when 259 is divided by 52.
51
What is the remainder when 514 is divided by 31?
18
Calculate the remainder when 25 is divided by 3.
1
Calculate the remainder when 945 is divided by 79.
76
What is the remainder when 525 is divided by 245?
35
What is the remainder when 122 is divided by 62?
60
Calculate the remainder when 36617 is divided by 102.
101
Calculate the remainder when 216 is divided by 31.
30
What is the remainder when 318 is divided by 25?
18
What is the remainder when 537 is divided by 87?
15
Calculate the remainder when 49 is divided by 22.
5
What is the remainder when 252 is divided by 99?
54
Calculate the remainder when 175 is divided by 28.
7
What is the remainder when 2613 is divided by 8?
5
What is the remainder when 344 is divided by 11?
3
Calculate the remainder when 2347 is divided by 779.
10
Calculate the remainder when 172 is divided by 63.
46
What is the remainder when 637 is divided by 18?
7
Calculate the remainder when 145 is divided by 80.
65
Calculate the remainder when 420 is divided by 106.
102
Calculate the remainder when 437 is divided by 53.
13
What is the remainder when 861 is divided by 233?
162
Calculate the remainder when 746 is divided by 7.
4
What is the remainder when 5094 is divided by 1272?
6
Calculate the remainder when 1219 is divided by 603.
13
Calculate the remainder when 12898 is divided by 51.
46
What is the remainder when 244 is divided by 83?
78
Calculate the remainder when 204 is divided by 23.
20
What is the remainder when 637 is divided by 108?
97
What is the remainder when 406 is divided by 12?
10
Calculate the remainder when 1301 is divided by 161.
13
What is the remainder when 523 is divided by 22?
17
Calculate the remainder when 59 is divided by 21.
17
What is the remainder when 2352 is divided by 67?
7
Calculate the remainder when 3020 is divided by 252.
248
Calculate the remainder when 40 is divided by 20.
0
Calculate the remainder when 76 is divided by 25.
1
What is the remainder when 939 is divided by 23?
19
Calculate the remainder when 216 is divided by 56.
48
Calculate the remainder when 356 is divided by 106.
38
What is the remainder when 155 is divided by 53?
49
Calculate the remainder when 6 is divided by 5.
1
Calculate the remainder when 559 is divided by 17.
15
Calculate the remainder when 1423 is divided by 19.
17
What is the remainder when 3315 is divided by 28?
11
What is the remainder when 383 is divided by 118?
29
What is the remainder when 294 is divided by 66?
30
What is the remainder when 8803 is divided by 14?
11
Calculate the remainder when 58 is divided by 16.
10
Calculate the remainder when 108 is divided by 37.
34
What is the remainder when 5751 is divided by 8?
7
What is the remainder when 96 is divided by 29?
9
Calculate the remainder when 115 is divided by 63.
52
What is the remainder when 11171 is divided by 15?
11
What is the remainder when 67 is divided by 17?
16
What is the remainder when 11646 is divided by 333?
324
Calculate the remainder when 1168 is divided by 9.
7
Calculate the remainder when 69 is divided by 3.
0
Calculate the remainder when 365 is divided by 91.
1
What is the remainder when 158 is divided by 43?
29
What is the remainder when 452 is divided by 12?
8
What is the remainder when 90 is divided by 44?
2
Calculate the remainder when 376 is divided by 366.
10
Calculate the remainder when 5299 is divided by 102.
97
What is the remainder when 377 is divided by 133?
111
What is the remainder when 767 is divided by 96?
95
What is the remainder when 377 is divided by 24?
17
Calculate the remainder when 233 is divided by 52.
25
Calculate the remainder when 97 is divided by 46.
5
What is the remainder wh